f 32 + (123 - 217 - -34)?
-28
Evaluate 31 + -6 + -6 + 90 + -103 - -5.
11
What is the value of 1 - 1 - (214 + -193)?
-21
12 + -1 + -1 + -27 - (-15 + (-12 - -13))
-3
What is (30 - -14) + -14 - 8 - 15?
7
What is (-3 - (-4 + -10)) + 5?
16
Calculate -41 + 18 - (15 + -47).
9
Evaluate -5 - (-7 - (13 + (13 - 52) + 1)).
-23
377 + -386 - (-46 + 3 + 0 + -2)
36
What is (427 - 418) + 44 + 2 - -23?
78
What is the value of 109 - (91 + -34 - (23 - -3))?
78
What is -24 + (4 - (-10 + 8)) + (9 - 2) - 46?
-57
Calculate -25 - (106 - 80 - (2 - -35)).
-14
Evaluate -3 - (-3 + (-678 - -678) + (0 - 1 - -8)).
-7
Calculate 310 + -103 + -101 + 12.
118
What is the value of (4 - 8) + (18 - (38 - 22) - 42)?
-44
Evaluate 30 - -16 - (3 + -24 - -10).
57
What is 18 + -52 - -44 - (1 + -14)?
23
Calculate 29 + (-30 - (-47 + 28)).
18
-8 - -7 - 8 - (-1 - (4 - 7))
-11
Calculate (86 - (115 - 45)) + -100 + -1.
-85
What is -17 - -12 - 32 - (-24 + 24 + -8 + 3)?
-32
Evaluate (0 - 33) + 13 + -30 + 10 - -9.
-31
146 + -30 + -35 - 23
58
What is the value of -52 + 59 + (-48 - -46)?
5
Evaluate -128 - (-8 - -7 - (5 + (12 - 19))).
-129
What is the value of -222 - (58 + -136) - -75?
-69
What is the value of 1 + -1 + 33 + 125 + -162?
-4
What is the value of -85 + (14 - (-44 - -14))?
-41
19 + -19 + 30 + 41 + 39
110
What is the value of (50 - 125) + 3 + 61?
-11
Evaluate 28 - (375 + -361 - (-18 + -4)).
-8
What is the value of -10 + (1 + 16 - (98 - 61))?
-30
Calculate -6 + 107 + -157 + 1 + -6 - -12.
-49
Evaluate -2 + 5 - ((-10 - -8 - 8) + (7 - -73)).
-67
What is 9 - (-5 + 22 + -41)?
33
Calculate (197 - 83) + -95 + 56.
75
What is the value of 171 - (-26 - 87) - 151?
133
Evaluate 31 + -38 + (-1 - -7) + -2 - (-2 - 7).
6
What is 32 + -14 - (-7 + -20 + 32)?
13
What is the value of 94 - 25 - (45 + 10)?
14
What is 33124 + -33140 - (1 + -1 + -7)?
-9
Calculate -80 + -56 + 35 + 138.
37
What is the value of -12 - (-32 - -46 - 78)?
52
Evaluate -60 + 42 + 16 + -24 + -8.
-34
What is the value of (6 - 46) + (-10 + 36 - 32 - (-2 + -10))?
-34
Calculate 2 + 8 + -3 + (3 - -2) + -673 + 582.
-79
-1 + 10 - (8080 + -8081)
10
-14 + (-14 - (3 - (-13 - -23)) - -7)
-14
-7 - (-12 - (3 + -2 + 0 + -4))
2
What is 11 + 3 + 71 - (5 - (12 + 0) - -11)?
81
What is the value of 44 + 0 + (-10 - (6 - 9 - 3)) + 6?
46
Evaluate (48 - 64) + -7 + 6 + 44.
27
Calculate -31 + 56 - (-4 + 11 + 70).
-52
What is the value of -48 + -64 + 159 - -71?
118
Calculate 12 + -13 + -100 + (-14 - (-13 + -18)).
-84
-4 - (35 - (4 + (22 - 15) + -19))
-47
Evaluate -1 - -40 - (422 + -262 + -251).
130
41 + (-99 - -28) + (2 - -35)
7
What is the value of 4758 - 4739 - (113 + -1)?
-93
What is (-5 - -3 - (5 + 5)) + (99 - 89)?
-2
Calculate (-3 + 0 - (-10 - (19 + -2))) + -163 + 157.
18
Calculate -16 + (19 - 11) + (14 + -3 - 0) - 97.
-94
What is -3 - (-4 - -2) - ((-29 - (-51 + 21)) + 26)?
-28
14 + (1 - 10) + -18 - 42
-55
Calculate 30 + -2 + (-6871 - -6933).
90
13 - (94 - 0 - 166)
85
Calculate -5 + 114 + -115 + 1 + 27.
22
What is 59 + 38 + -49 + -8?
40
What is -5 + 1 + 0 + -17 + -129 + 166?
16
What is (-90 - -127) + (0 + (6 - 14) - -1)?
30
What is the value of -83 - (-10 - (-16 - -31))?
-58
(157 - 174) + (-4 - 7) + (6 - 1)
-23
Evaluate -2 + (0 - 4) - (-111 + 116 + -10) - 60.
-61
(-1 + (-5 - 2) - -3) + 10 + 3 + -10
-2
Evaluate 225 - 211 - ((42 - 2 - -2) + -3).
-25
What is 1187 - 1218 - (1 + -153) - (7 + -2) - -14?
130
(-44 - 59) + 154 + 12
63
Evaluate 0 + -31 + (-37 + 56 + 19 - 33).
-26
Evaluate (3 + (-29 - -20) - 6) + 16.
4
Calculate 13 - 19 - (46 + 13 - ((6 - -2) + 1)).
-56
What is the value of (-4 - -1 - -1 - -7) + 60 + -26 + -7?
32
Calculate (-13 - (-5 + 9)) + -15.
-32
Calculate 2 + (-2 - (-13 + 106) - -10).
-83
What is 81 - (64 + -102 - -136)?
-17
(165 - 156 - (0 - (-3 + 124))) + -6 + 16
140
1 - (-5 + 11) - (-15 - 4) - -31
45
What is the value of -2 + (9 + 35 + -40 - (1 + 13))?
-12
What is the value of 0 + 0 - (-43 - (29 - 43 - -31))?
60
What is 8726 + -8715 + (-51 - -1) + 1 + 2?
-36
22 - (-31 + 8 + 27)
18
Evaluate (-33 + -57 + 12 - -20) + -2.
-60
Calculate (-51 - 0) + (33 - (-23 + 33 + 12)).
-40
What is 47 + -119 + 12 + 14?
-46
-1 + 78 - (-112 + -70 + 204)
55
Calculate (-1 + 6 - (-183 - -125)) + 2.
65
Calculate -58 - ((-5 + 14 + -10 - -11 - 9) + -6).
-53
Calculate 9 + 0 + 11 - -10.
30
Calculate (8 - -5) + (27 + 1 - (53 - 41 - 1)).
30
Evaluate 86 + 77 + -160 + (2 - (74 + 1 + -3)).
-67
Calculate (0 - (-5 - (-3 - -3))) + (149 - 62) + -103.
-11
What is 42 + -51 - ((-11 - -5) + -17)?
14
8 - (-6 - (-17 - 4)) - -65
58
What is (25 + -54 - -57) + 9?
37
Calculate (280 - 295) + (90 + -55 - (0 + 5 + 3)).
12
(5 + 2 + -6 - 93) + (-3 - 4 - -9)
-90
What is (59 - -28) + -47 + -67?
-27
What is 24 - (-19 + -28) - 30?
41
What is 150 - (88 - (12 - 6))?
68
Calculate 1 + 75 + (1 + 11 - (-56 - -55)) + -2.
87
Evaluate (-26 - -9) + 39 + 7 + 13.
42
(-7 + (-4 - 0 - (7 - 15)) - 0) + -48
-51
Evaluate (1 - 14) + (70 - (26 - (-2 - -16))).
45
20 + (9 + -27 - -2 - 46)
-42
What is -77 + (-14 - -6) + 11 + -2 + 2 - -11?
-63
What is the value of 1 - (-1 - -47) - (9042 - 9013)?
-74
Calculate -5 - (-32 + 18) - (16 + -13).
6
Calculate -58 - (20 - (92 - 87)).
-73
82 + ((2 - 50) + 13 - -6)
53
Evaluate (72 - (35 - -46)) + -8.
-17
Evaluate (-25 - -3) + -116 + 67 + 31.
-40
What is -20 - (-14 - ((4 - -10) + -17)) - (-2 - -11)?
-18
Calculate -31 + -120 - (-7 - 16).
-128
What is -14 - (-10 + -9) - ((1 - 1) + -7 - 24)?
36
-3 + (-5 - -1) + 12 + 1 - 53
-47
What is the value of -84 + 81 + (-119 - -61)?
-61
(-55 - -15) + ((1 - 2) + 8 - 17)
-50
Evaluate 1 + 5 + (-1 - 32 - (-5913 + 5905)).
-19
What is the value of -119 + 57 + 46 - 41?
-57
What is the value of -22 - (-30 + -5 + 54 - 12)?
-29
What is (-21 - -62 - (-4 - -1)) + -22?
22
What is -17 - (-27 + (-11 - -23)) - (-21 - -2)?
17
Calculate 751 + -761 - (-24 - (-2 + 1)).
13
Calculate 8 + -22 + (7 - (5 + (6 - 14) + 13)).
-17
What is the value of 5 + 1 + 7 + -36 + (-28 - -9)?
-42
-3 + (-2 + -1 + -4 - (-390 - -377))
3
Calculate 83 + 53 + -85 + 18 + 0 + 20.
89
Calculate 3746 + -3714 - (-1 + -2 - 17).
52
What is (33 + -30 - (-1 - -7) - 15) + -269 + 273?
-14
What is the value of (-77 - 25) + (135 - 94)?
-61
What is (-95 - 8 - -23) + (-15 - -13)?
-82
What is the value of 36 - (31 - -60) - -29?
-26
-21 + (-159 - -165) + 41
26
-28 + 1 + 2 + -20 + 8 + 13
-24
Evaluate (1 - -9) + 896 + -914 + 30 + -3 + 1.
20
What is the value of -318 - -302 - (-2 + -27)?
13
Calculate (16 - 0) + (22 - (-26 - -49)).
15
45 - (-51 - (-18 + -68))
10
What is 5 + -29 + (1 - (6 + -21 + 11))?
-19
What is the value of -3 + (-39 - 0) + 13 + -18 + 3?
-44
Evaluate 5 + (-32 - 0 - (-9 - (1 - 7))).
-24
Evaluate 51 + (12 - 34) - ((7 - (1 - -1)) + -16).
40
Calculate -13 - 1 - (-64 + (-22 - -38)).
34
What is the value of -12 - (0 - (-6 + 0 + 9)) - 43?
-52
Calculate -66 - (-16 + (-10 - -14)) - (-8 + 3 + -1).
-48
Calculate 10 - (-63 - -52) - 83.
-62
-78 + (38 - -91) + -74
-23
What is -15 - ((-12 - (8 + (3 - 12))) + -140 + 27)?
109
What is the value of -14 - 3 - (-52 + 2 + -10)?
43
What is 4 - (48 - -8 - 45)?
-7
What is -28 + 14 + 12 - (-79 - -11 - -11)?
55
-86 - 4 - (-21 + -8 + 32) - -18
-75
What is the value of (11 + -50 - -13) + 117?
91
Evaluate 55 - (19 + -12 - (-8 + -4 - -7)) - -2.
45
What is the value of 19 - (-1 - -18 - (232 - 231))?
3
-19 - -49 - (1 - -17 - -66)
-54
-9 - -4 - (11 + 10 + 4 + -28)
-2
Calculate 40 - (-11 + -139 + 149 + (-1 - -11)).
31
What is -2 + -1 - (-1860 + 1867)?
-10
What is 154 - 61 - 115 - (-1 + 29)?
-50
-266 - -291 - (72 - -14)
-61
What is (3 - 15) + 12 + 11 + -20?
-9
Evaluate -69 + 74 - (-3 + (-7 - -1 - (1 - -80))).
95
What is the value of (85 + -89 - (-30 + 1)) + 21 + -34?
12
Evaluate 1 + 59 - (11 + -26 - 5 - -34).
46
Calculate -27 + (37 - 7) + -21 + (4 - -4).
-10
What is 19 - (-113 + 202 + 2 + (0 - -3))?
-75
What is 4 + -7 + -3 + -5 + -15 + -40 - 1?
-67
Calculate 72 - (39 - -46 - -30).
-43
Evaluate 3 + 1 - -48 - (-14 + (15 - 4 - 0)).
55
Evaluate -2 - 21 - (-1208 + 1168).
17
What is 78 + -63 - (-2 - -14) - -5?
8
27 + (29 + -31 + -3 - (-19 + 5))
36
Evaluate -90 + -17 + 34 - -153.
80
Evaluate 26 + -9 + -138 + -5 + (22 - 7).
-111
Calculate (-22 - -3) + -9 + -18 + 9.
-37
Calculate -5 - (-2 + (11 - 24)) - -20.
30
Calculate -21 - (-6 + -41 - (-13 + -1)).
12
What is 6 - (-27 - (-152 + (-28 - -35))